 prime factors of 4/(-18) + 74/t?
2
What are the prime factors of ((-70)/(-40))/(2/280)?
5, 7
Suppose -2*f + 121 = 21. Let c = f - 6. What are the prime factors of c?
2, 11
Suppose 2*r = 3*l - 242, 0 = 5*l - 5*r - 151 - 244. List the prime factors of l.
2, 3, 7
Suppose 5*g + 5*z + 15 = 0, -4*g - 3*z - 8 = -z. Let l = 14 + g. What are the prime factors of l?
13
Let k be (-2)/3 - 8/(-3). Suppose 9 = 4*a - 3*a - n, 0 = -k*a + 4*n + 12. What are the prime factors of a?
2, 3
Suppose -12 = -2*u - 2. What are the prime factors of u?
5
Suppose -5*n - 50 = -p - n, -5*p - 5*n = -150. What are the prime factors of p?
2, 17
Let p(a) be the third derivative of -a**5/40 - 5*a**4/24 - a**3/2 + 2*a**2. Let r(h) be the first derivative of p(h). List the prime factors of r(-6).
13
What are the prime factors of (-2 + 1)/((-3)/69)?
23
What are the prime factors of (-12)/42 - 1390/(-14)?
3, 11
Let x = -46 + 1. Let k be 4/(-6)*x/6. Suppose 5*s = -r + 31, k*s = -3*r - r + 94. What are the prime factors of r?
3, 7
Let p be 3 + 0 - (-9 + 8). Suppose -s = -5*c + 2*s + 94, 2*s - p = 0. List the prime factors of c.
2, 5
Suppose -l + 19 = 2*h - 0*h, -5 = -h - 2*l. What are the prime factors of h?
11
Let h(o) = 8*o**2 + 5*o - 2. Let f be h(-4). Let r = f - 41. Suppose 5*m = -5*b + r, -5*b - m = -25 - 20. List the prime factors of b.
2
Let n(b) = -5*b - 5. Suppose -w + 4*w - 11 = d, 2*d = -w - 15. Let a(q) = 2*q + 2. Let f(h) = d*a(h) - 3*n(h). What are the prime factors of f(-7)?
2, 3
Let r(g) = 2*g**2 + 5*g + 2. Let a be 4/(-6) + (-14)/6. Let l be r(a). Let b = 4 + l. What are the prime factors of b?
3
Let x = -24 + 45. Suppose -x = -5*h + 34. What are the prime factors of h?
11
Let t(z) = -20*z - 5. Let h(p) = 10*p + 2. Let j(i) = -5*h(i) - 2*t(i). Let u be j(-2). Suppose -b = b - u. List the prime factors of b.
2, 5
Let j = 2 + -2. Let k be j + (0/(-3) - -4). List the prime factors of (k/(-3))/((-8)/12).
2
Let h(p) = p + 10. Let r be h(-12). List the prime factors of 374/11 - 2/r.
5, 7
Suppose 12 = -0*s - 3*s, 0 = -3*p - 4*s + 485. List the prime factors of p.
167
Suppose 2*r - 30 = -0. Suppose -b = 2*w - r, b - 4*w - 11 - 22 = 0. Suppose 0 = -5*u - 3*d + 5 + b, d + 14 = 4*u. List the prime factors of u.
2
Suppose 3 - 13 = d. Let p be 6/15 + (-16)/d. List the prime factors of 18 + (-1 - -2 - p).
17
Let z = 6 + 2. Suppose -36 + z = -2*s. List the prime factors of s.
2, 7
Suppose 125 = -6*d + 335. What are the prime factors of d?
5, 7
Let z(q) = -115*q**3 - q**2 + 1. List the prime factors of z(-1).
5, 23
Let m = -121 + 300. List the prime factors of m.
179
Suppose -2*l + 3 = -1. Suppose 3*s = 4*j + 28, 2*s + 0*s - 16 = l*j. List the prime factors of (j/(-5))/((-4)/(-10)).
2
Let b(z) = -2*z. Let x be b(-1). Suppose -3*g = 2*i - 7*i - x, -i - 10 = g. Let q = -4 - g. What are the prime factors of q?
2
Suppose 0 = 6*o - o - 2*p - 106, 4*p + 12 = 0. List the prime factors of o.
2, 5
Suppose -w - 10 = -2*w. Suppose 2*s = -2*z, 2*s - 4*z = 7*s. Suppose y + y - w = s. List the prime factors of y.
5
Let w = -24 - -198. What are the prime factors of w?
2, 3, 29
Let f(y) = -y**2 + 3*y - 2. Let s be f(1). Suppose -3*h - 3*p + 60 = 0, 0 = -s*h - 3*h + p + 80. What are the prime factors of h?
5
Suppose -2*u + 13 - 5 = 0. Suppose -u*o = 3*x - x - 18, -5*o = x - 9. Suppose x = g - 11. List the prime factors of g.
2, 5
Suppose 166 = -4*a + 6*a + 5*h, 4*a + 3*h - 318 = 0. What are the prime factors of a?
2, 3, 13
Suppose 0 = 4*v + g + 17, 3*v - g + 4 = -0. Let o(m) = 3*m**2 + 4*m - 1. What are the prime factors of o(v)?
2, 7
Suppose 12 = 3*v - v - 2*s, -v = 4*s + 14. Suppose d + 4*o = -6, 0 = 3*d - d - v*o - 8. Let q = 14 - d. What are the prime factors of q?
2, 3
Suppose -7*j + 2*j = -60. Suppose 0*m - j = -3*m. List the prime factors of m.
2
List the prime factors of ((-474)/15)/((-4)/10).
79
Let h(x) = -x + 3. Let u be h(8). Let t(r) = -r**2 - 7*r - 7. What are the prime factors of t(u)?
3
Let x = -2 - 10. Let z = x - -24. What are the prime factors of z?
2, 3
Suppose c - 2*a = 3*a + 7, -a - 1 = 0. Let j = -1 + c. What are the prime factors of 12*1 + j*-1?
11
Let k(h) = -h**3 - 10*h**2 - h - 8. What are the prime factors of k(-10)?
2
Let g be (-14)/77 - 334/(-22). Suppose 5*o + g = -x, -11 = -x + o - 2. Suppose -27 = -x*a + 38. What are the prime factors of a?
13
Let u(m) = -28*m. What are the prime factors of u(-2)?
2, 7
Let o(u) = 40*u + 15. List the prime factors of o(3).
3, 5
Let s = 161 + -72. What are the prime factors of s?
89
What are the prime factors of (-1)/(-2) - (-73)/2?
37
Let q = 5 - 4. Let s(u) = 4*u. Let b be s(q). Suppose 0*x = 2*x - b. List the prime factors of x.
2
Suppose 0*v + 4*v - 8 = 0. Suppose 4 - 2 = v*k. What are the prime factors of (k*-2 - -3)*5?
5
Let u(a) = a**2 + 1. Let s be u(1). Let n be (-15)/s + 4/8. What are the prime factors of 54/7 + (-2)/n?
2
Let v(b) = 14*b - 2. Let s(f) = 29*f - 4. Let p(i) = 2*s(i) - 5*v(i). What are the prime factors of p(-2)?
2, 13
Suppose -3*d + 29 = -2*d. Suppose g - d - 1 = 0. List the prime factors of g.
2, 3, 5
Suppose -7*o + 851 = 235. What are the prime factors of o?
2, 11
Let z(q) = 3*q**2 - 2*q - 25. List the prime factors of z(8).
151
What are the prime factors of (-328)/(-12) - 3/9?
3
Let u(k) = k**3 + 6*k**2 - k + 5. Let z be u(-6). Let t = 16 - z. Suppose 27 = 3*j + t*v, -j - 3*v - v = -9. List the prime factors of j.
3
Suppose -4*s = -3*s + 4*w + 16, 3*s + 16 = -4*w. Suppose 4*a - 108 = -4*q, 0 = -s*q + 4*q - 2*a - 120. List the prime factors of q.
29
Let d(b) = 4*b**3 + 2*b**2 - 2*b - 2. Let h be d(2). Suppose -3*o + 3*m + m = -h, o - 23 = -m. List the prime factors of o.
2, 3
Let n(l) = 21*l**2 + 3*l + 2. Let o be n(-2). Suppose -o = -d - d. List the prime factors of d.
2, 5
Let a(f) = f**2 + 2 + 4*f**2 - 4*f**2. What are the prime factors of a(-2)?
2, 3
Let z be 72 + 1 + 2 + -2. Let l = -51 + z. List the prime factors of l.
2, 11
Let l(j) = 3*j + 5. Let m(d) = -d**3 + 4*d**2 + d - 2. Let c be m(4). Let s(f) = 7*f + 10. Let r(q) = c*s(q) - 5*l(q). What are the prime factors of r(-10)?
5
Let g = 415 - 199. List the prime factors of g.
2, 3
Suppose -5*p + 2*s + 6 = 0, -4*s + 3 = 5*p - 5*s. Suppose 2 = -t - 3*k - p, 18 = 4*t - k. Suppose -l = 2*f - 0 + 3, 4*l - 36 = t*f. List the prime factors of l.
5
Suppose -2*n + 2*a = 0, 0 = 4*n - n - 2*a - 4. Suppose 4*z - 3*z = n, 3*j - z = 11. What are the prime factors of j?
5
Let g(r) = -6*r + 3. Let n be g(6). Let l be (-4)/14 + n/7. Let h(d) = -d**2 - 8*d - 6. List the prime factors of h(l).
3
Let o(f) = 5*f + 1. Let x be (4 - 3)*(1 - 0). Let m be o(x). List the prime factors of ((-4)/m)/(1/(-6)).
2
Let s be ((-2)/(-3))/((-2)/(-3)). Suppose -2*i - 3 = s. Let g = i + 7. List the prime factors of g.
5
Suppose 19 + 1 = n. What are the prime factors of n?
2, 5
Let m be (-220)/(-14) + (-16)/(-56). Suppose 11 = 3*w - m. List the prime factors of w.
3
Let l = -74 - -43. Let h = 66 + l. Let m = -24 + h. What are the prime factors of m?
11
Let f(d) = 2*d - 8. Let p be f(6). Suppose 0 = 4*o - p*b + b - 64, 4*o + 2*b = 64. What are the prime factors of o?
2
Let z(b) = 3*b**3 - b**2 + b - 2. What are the prime factors of z(2)?
2, 5
Suppose q - 40 = -4*q. List the prime factors of q.
2
Let m = -107 + 211. Suppose -o = -5*i - 26, 2*o - m = -i - 2*i. What are the prime factors of o?
2, 23
Let p = -15 + 13. List the prime factors of (-22)/(p*(-1)/(-3)).
3, 11
Suppose -2*r + 8 = -h, 0 = 4*r + 4*h + 11 - 3. Suppose r*a + 60 = 6*a. List the prime factors of a.
3, 5
Suppose 2*p + 4*s - 42 = 0, p + 2*s = -3*p + 60. What are the prime factors of p?
13
Suppose 0 = 3*c - 2*j - 175, -2*j + 121 = 2*c + j. What are the prime factors of c?
59
Let u(m) be the second derivative of m**5/60 - m**4/24 - m**3/6 + 2*m. Let d(t) be the second derivative of u(t). What are the prime factors of d(4)?
7
Let p be 2/6 + 44/3. Suppose -4*s - 3*x = p, 4*s - 2*x = -0*s + 10. What are the prime factors of (0 + 3)*(1 + s)?
3
Let t = -69 - -112. What are the prime factors of t?
43
Let h = 14 + 28. Let z = h + 10. List the prime factors of z.
2, 13
Let r(g) = -13*g**3 - 11*g**2 + 17*g + 11. Let k(x) = -3*x**3 - 3*x**2 + 4*x + 3. Let p(m) = -9*k(m) + 2*r(m). List the prime factors of p(-4).
19
Suppose 9*n - 4*n